
4660
What is -2331313 (base 4) in base 14?
-45dd
1408 (base 9) to base 4
100211
111010001 (base 2) to base 3
122020
28 (base 11) to base 14
22
10011010000101110 (base 2) to base 4
103100232
832 (base 11) to base 16
3eb
What is 1892c (base 14) in base 10?
62172
Convert 101100110001 (base 2) to base 7.
11232
Convert -16bd (base 14) to base 2.
-111111110111
6213 (base 8) to base 15
e41
129b (base 12) to base 2
100001010111
Convert 26336 (base 7) to base 10.
7034
What is 3501 (base 10) in base 11?
26a3
5364 (base 16) to base 9
32250
332001 (base 5) to base 12
67a5
What is -20214 (base 5) in base 7?
-3550
-2220 (base 16) to base 5
-234421
What is 163211 (base 7) in base 6?
405432
Convert -11102 (base 8) to base 5.
-122144
What is 464 (base 7) in base 11?
200
What is -2344 (base 7) in base 12?
-601
What is -101010100011 (base 2) in base 8?
-5243
Convert -34023 (base 6) to base 15.
-162c
What is -10c67 (base 13) in base 4?
-13133102
314 (base 9) to base 3
100111
What is 2022 (base 6) in base 2?
110111110
Convert 11044 (base 5) to base 3.
1001200
Convert 2001011102 (base 3) to base 2.
1001110100010110
-17e9 (base 15) to base 6
-35533
1102222 (base 3) to base 12
738
735 (base 9) to base 13
371
What is 6113 (base 8) in base 12?
19a3
Convert b9 (base 14) to base 16.
a3
Convert 21010110 (base 3) to base 11.
39a4
Convert 1332 (base 8) to base 12.
50a
Convert -11000110010011 (base 2) to base 3.
-122102001
Convert -10111011110 (base 2) to base 11.
-1146
Convert 512524 (base 6) to base 14.
10c28
What is 362 (base 10) in base 8?
552
-226a (base 12) to base 3
-12020201
22220022 (base 3) to base 12
3908
What is -268e (base 16) in base 10?
-9870
130c (base 13) to base 2
101010011100
224002 (base 6) to base 5
1102020
What is 1303334 (base 5) in base 11?
18154
-120022 (base 3) to base 6
-1525
Convert -2374 (base 10) to base 7.
-6631
Convert 1173 (base 11) to base 5.
22112
What is -af (base 16) in base 2?
-10101111
Convert 1220122122 (base 3) to base 8.
111427
-4120 (base 5) to base 12
-387
Convert 4156 (base 7) to base 16.
5b6
Convert 12c4 (base 13) to base 6.
20251
Convert -4323 (base 6) to base 9.
-1316
What is -7787 (base 13) in base 2?
-100000100100001
-3240 (base 13) to base 3
-100120120
1081 (base 11) to base 16
58c
Convert -103 (base 14) to base 15.
-d4
131 (base 6) to base 14
3d
What is 19 (base 12) in base 14?
17
20092 (base 12) to base 11
29272
Convert 268 (base 11) to base 8.
474
What is -12110 (base 5) in base 13?
-548
Convert 375 (base 16) to base 9.
1183
Convert -4745 (base 11) to base 6.
-44444
Convert -85d (base 16) to base 8.
-4135
What is -115e (base 15) in base 8?
-7151
-19c9 (base 15) to base 4
-1113111
Convert -4216 (base 15) to base 9.
-21143
What is -993 (base 10) in base 15?
-463
203 (base 11) to base 12
185
1413 (base 6) to base 2
101110001
b52 (base 13) to base 9
2570
What is -252412 (base 6) in base 14?
-8356
-153130 (base 6) to base 15
-4673
-333141 (base 5) to base 14
-4379
Convert -5871 (base 10) to base 4.
-1123233
What is 2263 (base 9) in base 10?
1677
Convert 155 (base 12) to base 9.
252
What is 211112 (base 3) in base 7?
1526
Convert -62 (base 10) to base 16.
-3e
-1770 (base 9) to base 15
-609
-1404 (base 10) to base 6
-10300
Convert 2402 (base 8) to base 11.
a66
Convert -1301 (base 7) to base 9.
-605
Convert a331 (base 12) to base 11.
12376
Convert 2321202 (base 4) to base 8.
27142
b5 (base 16) to base 2
10110101
What is 3892 (base 12) in base 15?
1d9b
What is 2959 (base 10) in base 14?
1115
Convert -2092 (base 16) to base 15.
-270d
Convert 8056 (base 10) to base 2.
1111101111000
474 (base 12) to base 2
1010011000
-37210 (base 11) to base 7
-311646
What is -3220023 (base 4) in base 16?
-3a0b
Convert -212300 (base 4) to base 11.
-1955
Convert -1161 (base 10) to base 6.
-5213
What is -1022221 (base 3) in base 8?
-1712
Convert -2ae8 (base 15) to base 16.
-2402
124 (base 10) to base 16
7c
307 (base 11) to base 3
111201
Convert -4214 (base 7) to base 16.
-5c9
-311 (base 4) to base 10
-53
22c7 (base 15) to base 2
1110011011011
What is 13112021 (base 4) in base 3?
1112021102
Convert 1012111 (base 3) to base 12.
611
Convert 10189 (base 11) to base 7.
61215
518 (base 14) to base 9
1333
Convert 20774 (base 8) to base 2.
10000111111100
-1167 (base 8) to base 15
-2c1
Convert -4bc (base 15) to base 6.
-4553
-2946 (base 15) to base 14
-3317
Convert b7 (base 14) to base 8.
241
-240200 (base 5) to base 7
-34441
Convert -4203 (base 5) to base 6.
-2321
-488 (base 10) to base 3
-200002
What is 460 (base 16) in base 8?
2140
What is 53c4 (base 14) in base 8?
34220
Convert -290 (base 15) to base 16.
-249
Convert 335011 (base 6) to base 2.
110111010001111
Convert -432 (base 11) to base 12.
-373
Convert -609 (base 11) to base 10.
-735
What is 1011002 (base 3) in base 6?
3515
Convert 45 (base 14) to base 4.
331
b37 (base 14) to base 9
3020
What is -21335 (base 7) in base 2?
-1010011000110
-1ae (base 15) to base 7
-1064
What is -242 (base 10) in base 11?
-200
What is -a0a7 (base 11) in base 12?
-792b
What is 1641 (base 7) in base 16?
29a
137 (base 16) to base 3
102112
165 (base 9) to base 10
140
3522 (base 7) to base 14
682
Convert -780 (base 9) to base 6.
-2543
What is -734 (base 8) in base 10?
-476
11ac (base 13) to base 12
1550
767 (base 11) to base 9
1232
What is 3517 (base 10) in base 7?
13153
Convert -1020011222 (base 3) to base 5.
-1233231
What is -2120123 (base 4) in base 13?
-4595
What is 20200001 (base 3) in base 2?
1001011111101
Convert -2e9 (base 16) to base 14.
-3b3
-959 (base 15) to base 10
-2109
2356 (base 9) to base 7
5052
Convert -20003 (base 4) to base 16.
-203
What is 7405 (base 10) in base 12?
4351
-28 (base 12) to base 13
-26
What is -11b (base 13) in base 7?
-364
What is 412 (base 15) in base 8?
1625
Convert 10123 (base 13) to base 8.
70127
-105257 (base 8) to base 12
-18667
Convert 102333 (base 4) to base 15.
560
What is -13334 (base 7) in base 10?
-3602
Convert -511 (base 7) to base 13.
-166
Convert -555 (base 7) to base 2.
-100011101
What is -c (base 15) in base 12?
-10
Convert 8c (base 14) to base 7.
235
What is -11101110001011 (base 2) in base 10?
-15243
What is -4e81 (base 15) in base 5?
-1014041
What is -44142 (base 5) in base 15?
-d82
What is 10001011010000 (base 2) in base 11?
6772
38679 (base 10) to base 9
58046
-10234342 (base 5) to base 4
-111030333
What is -31311 (base 5) in base 3?
-2212002
-35334 (base 8) to base 5
-440233
Convert 25753 (base 10) to base 14.
9557
What is 5414 (base 6) in base 3?
1200201
Convert -796 (base 13) to base 12.
-90a
Convert 1122 (base 6) to base 8.
412
What is 3006 (base 7) in base 3?
1102100
-104c (base 15) to base 14
-1383
What is -31343 (base 6) in base 3?
-12211000
What is 2103 (base 10) in base 7?
6063
Convert -1828 (base 13) to base 6.
-24331
Convert -1123103 (base 4) to base 7.
-23015
Convert 32211 (base 7) to base 11.
6009
Convert -3192 (base 14) to base 16.
-216c
Convert 1021 (base 5) to base 4.
2020
What is 10012 (base 4) in base 14?
14a
-95 (base 10) to base 2
-1011111
-114504 (base 8) to base 9
-58735
-274c (base 15) to base 4
-2003031
Convert 13613 (base 9) to base 5.
243441
Convert 651 (base 13) to base 7.
3102
Convert 633 (base 7) to base 4.
10332
Convert 4125 (base 10) to base 5.
113000
What is 3c6 (base 14) in base 10?
762
Convert -367 (base 13) to base 16.
-250
What is -1002 (base 9) in base 5?
-10411
Convert -5905 (base 12) to base 5.
-304231
What is 512 (base 7) in base 16?
fe
What is -6247 (base 10) in base 14?
-23c3
-23538 (base 10) to base 3
-1012021210
What is 122 (base 12) in base 8?
252
What is 22310020 (base 4) in base 7?
243100
Convert -618 (base 13) to base 15.
-490
What is -343320 (base 5) in base 8?
-30057
-1400 (base 7) to base 12
-38b
Convert -1001000111010100 (base 2) to base 4.
-21013110
6840 (base 10) to base 12
3b60
Convert 1121033 (base 4) to base 7.
22436
700 (base 13) to base 9
1554
Convert 100110111 (base 2) to base 13.
1ac
2053 (base 7) to base 3
222211
Convert -1221220 (base 3) to base 12.
-9b0
What is 1222111000 (base 3) in base 14?
102cc
-5674 (base 8) to base 4
-232330
What is -100001011001101 (base 2) in base 3?
-212110101
Convert 52 (base 11) to base 15.
3c
Convert -21122 (base 9) to base 4.
-3122000
What is -111552 (base 6) in base 5?
-301